 44752693 a composite number?
True
Is 2655953 a composite number?
True
Is 545473 composite?
False
Is 1252051 a prime number?
False
Is 27960859 composite?
False
Is 26556493 a composite number?
False
Is 391446661 prime?
True
Is 148949 a prime number?
True
Is 1666519 prime?
True
Is 15004481 a prime number?
False
Is 103489985 a prime number?
False
Is 264469031 a prime number?
True
Is 7802299 prime?
True
Is 34156697 prime?
True
Is 2139733 a composite number?
False
Is 1147019 composite?
True
Is 10890349 a prime number?
False
Is 5524469 a composite number?
False
Is 181127201 prime?
False
Is 1040651 composite?
False
Is 70225073 a prime number?
True
Is 28738685 a composite number?
True
Is 14881169 a composite number?
True
Is 6439415 a prime number?
False
Is 4913861 a prime number?
True
Is 5308759 composite?
False
Is 30264797 composite?
False
Is 57472997 a composite number?
True
Is 29717617 a composite number?
False
Is 433736819 composite?
False
Is 877457571 a prime number?
False
Is 594631 composite?
True
Is 2611343 a prime number?
False
Is 5366929 composite?
True
Is 188516527 a composite number?
False
Is 43211351 prime?
True
Is 282610529 composite?
True
Is 151919377 prime?
True
Is 14243678 composite?
True
Is 19490777 a prime number?
True
Is 200117 a composite number?
False
Is 339304283 prime?
True
Is 16624327 a prime number?
True
Is 31876969 prime?
True
Is 432763 a prime number?
False
Is 8468687 a prime number?
True
Is 28774663 a composite number?
False
Is 1593317 composite?
True
Is 10873327 a prime number?
True
Is 12408169 prime?
True
Is 7927633 a prime number?
False
Is 62158507 prime?
True
Is 10556851 a prime number?
True
Is 8916151 prime?
True
Is 4038899 prime?
True
Is 17363429 composite?
True
Is 176145341 prime?
False
Is 48845237 a composite number?
True
Is 11936681 composite?
True
Is 15438149 a prime number?
True
Is 25726273 a composite number?
False
Is 347927551 prime?
True
Is 18093931 prime?
True
Is 3544213 a prime number?
True
Is 5444911 a prime number?
True
Is 905544931 prime?
False
Is 29081363 composite?
True
Is 365669 prime?
True
Is 110595041 a composite number?
False
Is 3024391 a composite number?
True
Is 16444369 prime?
True
Is 8979639 prime?
False
Is 8788319 a prime number?
True
Is 4685179 a prime number?
True
Is 18733903 a composite number?
False
Is 6407741 composite?
False
Is 7262137 composite?
True
Is 585907 prime?
False
Is 1230367 composite?
False
Is 24800891 prime?
False
Is 187280441 a prime number?
True
Is 1810093 prime?
False
Is 8764361 composite?
False
Is 685907 a prime number?
True
Is 478561 a composite number?
True
Is 275801 a prime number?
False
Is 191298193 prime?
True
Is 27572015 composite?
True
Is 96257 a prime number?
False
Is 145544249 a prime number?
False
Is 5746123 prime?
True
Is 5658187 composite?
False
Is 128465917 composite?
False
Is 400763 composite?
True
Is 6547439 a prime number?
False
Is 53064955 composite?
True
Is 18939322 a composite number?
True
Is 29643421 prime?
True
Is 560509 prime?
False
Is 10401857 composite?
False
Is 11116991 a prime number?
True
Is 2901931 a composite number?
False
Is 91453553 composite?
False
Is 12411941 composite?
True
Is 51241657 a prime number?
True
Is 134154443 a composite number?
False
Is 979493 prime?
False
Is 42743717 a prime number?
True
Is 125541631 composite?
True
Is 1904407 composite?
False
Is 383120659 composite?
False
Is 160723 a prime number?
True
Is 7640219 a composite number?
False
Is 65551493 composite?
True
Is 43889387 a composite number?
False
Is 55168661 a prime number?
True
Is 3471259 a prime number?
False
Is 460385 prime?
False
Is 4283 a prime number?
True
Is 6824413 prime?
True
Is 60849727 a prime number?
True
Is 13895447 a composite number?
False
Is 37821649 composite?
False
Is 34139433 a prime number?
False
Is 6647971 composite?
True
Is 11735537 a composite number?
True
Is 89739313 a composite number?
False
Is 1307729 prime?
True
Is 18378379 a prime number?
True
Is 1481029 a prime number?
False
Is 8556463 composite?
False
Is 748243 composite?
True
Is 6610267 a composite number?
True
Is 6372529 a prime number?
True
Is 179033061 prime?
False
Is 377821 a prime number?
False
Is 4060369 a composite number?
False
Is 11419999 a composite number?
False
Is 233867 prime?
False
Is 51419191 composite?
True
Is 25767949 prime?
True
Is 3130871 composite?
False
Is 26908981 a composite number?
True
Is 5353918 a composite number?
True
Is 365791 a prime number?
True
Is 181024043 prime?
False
Is 4620901 composite?
False
Is 87276941 a prime number?
True
Is 14037533 a prime number?
True
Is 46380977 composite?
True
Is 4728769 composite?
True
Is 7066357 a prime number?
False
Is 4709381 a prime number?
False
Is 69654146 prime?
False
Is 2487971 prime?
False
Is 157905551 a composite number?
True
Is 1360673 composite?
False
Is 35319227 a prime number?
True
Is 89959057 a prime number?
True
Is 1799173 a prime number?
True
Is 95760499 prime?
True
Is 59587 a composite number?
True
Is 414848981 a prime number?
True
Is 861529 prime?
False
Is 3100649 composite?
False
Is 3268781 a composite number?
False
Is 113665169 a prime number?
True
Is 834451 a prime number?
False
Is 73268153 composite?
True
Is 255043 a composite number?
False
Is 35165509 prime?
False
Is 45582413 prime?
False
Is 5681537 a prime number?
False
Is 265507889 a prime number?
True
Is 49785743 a prime number?
False
Is 425848613 composite?
False
Is 51331399 a composite number?
True
Is 174249239 composite?
True
Is 1981457 prime?
True
Is 3526441 prime?
True
Is 1848983 prime?
True
Is 38334189 a prime number?
False
Is 348089 a composite number?
True
Is 4839347 a prime number?
True
Is 22617229 a composite number?
True
Is 40073797 a composite number?
True
Is 122443 a prime number?
True
Is 149878277 a prime number?
True
Is 574783 a composite number?
True
Is 10206298 a composite number?
True
Is 126329459 prime?
True
Is 924377 composite?
True
Is 67191791 a composite number?
True
Is 35787173 a composite number?
True
Is 1998209 a prime number?
True
Is 414124577 a prime number?
True
Is 2743621 composite?
False
Is 3029837 prime?
True
Is 435989 composite?
True
Is 14619841 composite?
False
Is 20024699 prime?
True
Is 9009017 composite?
False
Is 6126391 a prime number?
True
Is 61741883 a composite number?
True
Is 111221887 composite?
True
Is 3254851 a composite number?
True
Is 301985719 composite?
True
Is 45936097 composite?
False
Is 84798359 prime?
True
Is 16549921 a prime number?
True
Is 1254457 a composite number?
True
Is 123121991 a composite number?
True
Is 227528421 prime?
False
Is 5813723 composite?
False
Is 9535649 prime?
False
Is 26180597 prime?
True
Is 14121391 a prime number?
True
Is 2504123 a prime number?
False
Is 2226922 a composite number?
True
Is 268847 composite?
True
Is 6866579 a prime number?
False
Is 58141691 prime?
False
Is 7051763 prime?
False
Is 1460491 prime?
False
Is 1146559 composite?
False
Is 70306241 a prime number?
True
Is 1438383 a composite number?
True
Is 2288633 a composite number?
False
Is 18702613 composite?
False
Is 60641731 composite?
True
Is 503589 composite?
True
Is 7770391 prime?
True
Is 379927 a composite number?
False
Is 4312363 prime?
False
Is 599693 prime?
True
Is 2252681 a prime number?
True
Is 2730799 composite?
True
Is 360079871 prime?
False
Is 557153 a prime number?
True
Is 9168961 composite?
False
Is 71741 composite?
False
Is 23680211 composite?
True
Is 23920319 composite?
False
Is 67789627 prime?
False
Is 476508629 prime?
True
Is 745153 a prime number?
False
Is 1113989 a composite number?
True
Is 3618793 a composite number?
False
Is 28439269 a composite number?
False
Is 13421981 a prime number?
True
Is 44017 a composite number?
False
Is 49997291 a prime number?
False
Is 19740401 a prime number?
True
Is 14290291 a prime number?
False
Is 6776239 a composite number?
True
Is 950923 composite?
True
Is 16640317 a prime number?
True
Is 24108137 prime?
False
Is 13290503 prime?
True
Is 4608791 composite?
True
Is 27390991 prime?
True
Is 3057517 a prime number?
False
Is 7330433 a prime number?
False
Is 287841 a composite number?
True
Is 74195897 composite?
False
Is 8142619 a prime number?
True
Is 11095387 a composite number?
True
Is 357421 a prime number?
True
Is 9523813 a composite number?
True
Is 1289743